{"id":132,"date":"2023-11-06T21:05:35","date_gmt":"2023-11-06T21:05:35","guid":{"rendered":"https:\/\/asociacionmexicanatrasplantecabello.org\/?page_id=132"},"modified":"2024-08-05T22:39:46","modified_gmt":"2024-08-05T22:39:46","slug":"amtc","status":"publish","type":"page","link":"https:\/\/asociacionmexicanatrasplantecabello.org\/?page_id=132","title":{"rendered":"AMTC"},"content":{"rendered":"\t\t<div data-elementor-type=\"wp-page\" data-elementor-id=\"132\" class=\"elementor elementor-132\">\n\t\t\t\t<div class=\"elementor-element elementor-element-7ae399d e-flex e-con-boxed e-con e-parent\" data-id=\"7ae399d\" data-element_type=\"container\" data-e-type=\"container\">\n\t\t\t\t\t<div class=\"e-con-inner\">\n\t\t\t\t<div class=\"elementor-element elementor-element-c361e05 elementor-widget elementor-widget-heading\" data-id=\"c361e05\" data-element_type=\"widget\" data-e-type=\"widget\" data-widget_type=\"heading.default\">\n\t\t\t\t<div class=\"elementor-widget-container\">\n\t\t\t\t\t<h2 class=\"elementor-heading-title elementor-size-default\">La Asociaci\u00f3n Mexicana de Trasplante Capilar A.C.<\/h2>\t\t\t\t<\/div>\n\t\t\t\t<\/div>\n\t\t\t\t\t<\/div>\n\t\t\t\t<\/div>\n\t\t<div class=\"elementor-element elementor-element-7dba4e5 e-flex e-con-boxed e-con e-parent\" data-id=\"7dba4e5\" data-element_type=\"container\" data-e-type=\"container\">\n\t\t\t\t\t<div class=\"e-con-inner\">\n\t\t\t\t<div class=\"elementor-element elementor-element-72c2e5a elementor-widget-divider--view-line elementor-widget elementor-widget-divider\" data-id=\"72c2e5a\" data-element_type=\"widget\" data-e-type=\"widget\" data-widget_type=\"divider.default\">\n\t\t\t\t<div class=\"elementor-widget-container\">\n\t\t\t\t\t\t\t<div class=\"elementor-divider\">\n\t\t\t<span class=\"elementor-divider-separator\">\n\t\t\t\t\t\t<\/span>\n\t\t<\/div>\n\t\t\t\t\t\t<\/div>\n\t\t\t\t<\/div>\n\t\t\t\t\t<\/div>\n\t\t\t\t<\/div>\n\t\t<div class=\"elementor-element elementor-element-3ffaa7d5 e-flex e-con-boxed e-con e-parent\" data-id=\"3ffaa7d5\" data-element_type=\"container\" data-e-type=\"container\">\n\t\t\t\t\t<div class=\"e-con-inner\">\n\t\t\t\t<div class=\"elementor-element elementor-element-71fef039 elementor-widget-divider--view-line elementor-widget elementor-widget-divider\" data-id=\"71fef039\" data-element_type=\"widget\" data-e-type=\"widget\" data-widget_type=\"divider.default\">\n\t\t\t\t<div class=\"elementor-widget-container\">\n\t\t\t\t\t\t\t<div class=\"elementor-divider\">\n\t\t\t<span class=\"elementor-divider-separator\">\n\t\t\t\t\t\t<\/span>\n\t\t<\/div>\n\t\t\t\t\t\t<\/div>\n\t\t\t\t<\/div>\n\t\t\t\t\t<\/div>\n\t\t\t\t<\/div>\n\t\t<div class=\"elementor-element elementor-element-7a26b23 e-flex e-con-boxed e-con e-parent\" data-id=\"7a26b23\" data-element_type=\"container\" data-e-type=\"container\">\n\t\t\t\t\t<div class=\"e-con-inner\">\n\t\t\t\t<div class=\"elementor-element elementor-element-ce69028 elementor-widget elementor-widget-image\" data-id=\"ce69028\" data-element_type=\"widget\" data-e-type=\"widget\" data-widget_type=\"image.default\">\n\t\t\t\t<div class=\"elementor-widget-container\">\n\t\t\t\t\t\t\t\t\t\t\t\t\t\t\t<img fetchpriority=\"high\" decoding=\"async\" width=\"750\" height=\"500\" src=\"https:\/\/asociacionmexicanatrasplantecabello.org\/wp-content\/uploads\/2023\/11\/cropped-GettyImages-949812160-1200x800-1-1024x683.jpg\" class=\"attachment-large size-large wp-image-89\" alt=\"\" srcset=\"https:\/\/asociacionmexicanatrasplantecabello.org\/wp-content\/uploads\/2023\/11\/cropped-GettyImages-949812160-1200x800-1-1024x683.jpg 1024w, https:\/\/asociacionmexicanatrasplantecabello.org\/wp-content\/uploads\/2023\/11\/cropped-GettyImages-949812160-1200x800-1-600x400.jpg 600w, https:\/\/asociacionmexicanatrasplantecabello.org\/wp-content\/uploads\/2023\/11\/cropped-GettyImages-949812160-1200x800-1-300x200.jpg 300w, https:\/\/asociacionmexicanatrasplantecabello.org\/wp-content\/uploads\/2023\/11\/cropped-GettyImages-949812160-1200x800-1-768x512.jpg 768w, https:\/\/asociacionmexicanatrasplantecabello.org\/wp-content\/uploads\/2023\/11\/cropped-GettyImages-949812160-1200x800-1-360x240.jpg 360w, https:\/\/asociacionmexicanatrasplantecabello.org\/wp-content\/uploads\/2023\/11\/cropped-GettyImages-949812160-1200x800-1.jpg 1199w\" sizes=\"(max-width: 750px) 100vw, 750px\" \/>\t\t\t\t\t\t\t\t\t\t\t\t\t\t\t<\/div>\n\t\t\t\t<\/div>\n\t\t\t\t\t<\/div>\n\t\t\t\t<\/div>\n\t\t<div class=\"elementor-element elementor-element-bae73a0 e-flex e-con-boxed e-con e-parent\" data-id=\"bae73a0\" data-element_type=\"container\" data-e-type=\"container\">\n\t\t\t\t\t<div class=\"e-con-inner\">\n\t\t\t\t<div class=\"elementor-element elementor-element-bf990f9 elementor-widget elementor-widget-text-editor\" data-id=\"bf990f9\" data-element_type=\"widget\" data-e-type=\"widget\" data-widget_type=\"text-editor.default\">\n\t\t\t\t<div class=\"elementor-widget-container\">\n\t\t\t\t\t\t\t\t\t<div class=\"layout-element layout-element--layout layout-element transition transition--scale\" data-animation-state=\"active\"><div class=\"text-box layout-element__component layout-element__component--GridTextBox\" id=\"zLDhi_\" data-qa=\"gridtextbox:zldhi_\"><p class=\"body-large\"><strong>Es el organismo que agrupa a todos los m\u00e9dicos cirujanos certificados del pa\u00eds. Su principal funci\u00f3n es promover el crecimiento acad\u00e9mico y la educaci\u00f3n m\u00e9dica continua de sus miembros mediante la organizaci\u00f3n de cursos de actualizaci\u00f3n, congresos nacionales e internacionales, talleres, entre otros.<\/strong><\/p><p class=\"body-large\"><strong>La exigencia acad\u00e9mica y el deseo de superaci\u00f3n constante de los miembros de la AMTCAC son dos de los factores gracias a los cuales el transplante capilar en M\u00e9xico se est\u00e1 posicionando entre los 5 pa\u00edses con mejores t\u00e9cnicas en el mundo. Nuestra prioridad ha sido certificar y verificar que los procedimientos sean realizados por M\u00c9DICOS ESPECIALIZADOS. Nuestro siguiente paso es coadyuvar a las autoridades sanitarias a la regulaci\u00f3n de este procedimiento.<\/strong><\/p><\/div><\/div>\t\t\t\t\t\t\t\t<\/div>\n\t\t\t\t<\/div>\n\t\t\t\t\t<\/div>\n\t\t\t\t<\/div>\n\t\t<div class=\"elementor-element elementor-element-f93567c e-flex e-con-boxed e-con e-parent\" data-id=\"f93567c\" data-element_type=\"container\" data-e-type=\"container\">\n\t\t\t\t\t<div class=\"e-con-inner\">\n\t\t\t\t<div class=\"elementor-element elementor-element-6476b87 elementor-widget elementor-widget-image\" data-id=\"6476b87\" data-element_type=\"widget\" data-e-type=\"widget\" data-widget_type=\"image.default\">\n\t\t\t\t<div class=\"elementor-widget-container\">\n\t\t\t\t\t\t\t\t\t\t\t\t\t\t\t<img decoding=\"async\" width=\"750\" height=\"410\" src=\"https:\/\/asociacionmexicanatrasplantecabello.org\/wp-content\/uploads\/2023\/11\/OCR-L-NURSES-0913-crop.webp\" class=\"attachment-large size-large wp-image-37\" alt=\"\" srcset=\"https:\/\/asociacionmexicanatrasplantecabello.org\/wp-content\/uploads\/2023\/11\/OCR-L-NURSES-0913-crop.webp 978w, https:\/\/asociacionmexicanatrasplantecabello.org\/wp-content\/uploads\/2023\/11\/OCR-L-NURSES-0913-crop-600x328.webp 600w, https:\/\/asociacionmexicanatrasplantecabello.org\/wp-content\/uploads\/2023\/11\/OCR-L-NURSES-0913-crop-300x164.webp 300w, https:\/\/asociacionmexicanatrasplantecabello.org\/wp-content\/uploads\/2023\/11\/OCR-L-NURSES-0913-crop-768x420.webp 768w\" sizes=\"(max-width: 750px) 100vw, 750px\" \/>\t\t\t\t\t\t\t\t\t\t\t\t\t\t\t<\/div>\n\t\t\t\t<\/div>\n\t\t\t\t\t<\/div>\n\t\t\t\t<\/div>\n\t\t<div class=\"elementor-element elementor-element-a0ab59e e-flex e-con-boxed e-con e-parent\" data-id=\"a0ab59e\" data-element_type=\"container\" data-e-type=\"container\">\n\t\t\t\t\t<div class=\"e-con-inner\">\n\t\t\t\t<div class=\"elementor-element elementor-element-5919dd3 elementor-widget elementor-widget-text-editor\" data-id=\"5919dd3\" data-element_type=\"widget\" data-e-type=\"widget\" data-widget_type=\"text-editor.default\">\n\t\t\t\t<div class=\"elementor-widget-container\">\n\t\t\t\t\t\t\t\t\t<div class=\"layout-element layout-element--layout layout-element transition transition--scale\" data-animation-state=\"active\"><div class=\"text-box layout-element__component layout-element__component--GridTextBox\" id=\"zLDhi_\" data-qa=\"gridtextbox:zldhi_\"><p class=\"body-large\"><strong><span style=\"font-size: 32px;\">Nuestros M\u00e9dicos certificados<\/span><\/strong><\/p><\/div><\/div><div class=\"layout-element layout-element--layout layout-element transition transition--scale\" data-animation-state=\"active\"><div class=\"text-box layout-element__component layout-element__component--GridTextBox\" id=\"zagjFw\" data-qa=\"gridtextbox:zagjfw\"><p class=\"body\">La formaci\u00f3n de un trasplantador capilar inicia con la carrera de M\u00e9dico Cirujano (7 a\u00f1os aproximadamente), donde desarrolla conocimientos m\u00e9dicos y quir\u00fargicos suficientes para comenzar su preparaci\u00f3n en transplante capilar. El m\u00e9dico, despu\u00e9s de concluir su capacitaci\u00f3n en hospital y obtener su c\u00e9dula podr\u00e1 postularse para capacitarse en injerto capilar (diplomados, cursos y talleres). Para ser parte de nuestra asociaci\u00f3n solicitar\u00e1 al <strong>Consejo Mexicano de Transplante Capilar<\/strong>, organismo asociado a la AMTC AC, formado principalmente por profesores de esta especialidad, y para ello presenta un examen escrito y oral de alto grado de dificultad para ratificar sus conocimientos. Una vez certificado el m\u00e9dico cirujano sigue prepar\u00e1ndose en su especialidad con cursos, congresos, etc. tanto Nacional como Internacionalmente.<\/p><p class=\"body\">De forma peri\u00f3dica, seguir\u00e1n siendo examinados por el <strong>C.M.T.C.A.C.<\/strong> (<em>Consejo Mexicano de Transplante Capilar A.C.<\/em>) as\u00ed como cumplir ciertos requisitos adicionales para poder continuar perteneciendo a la mencionada Asociaci\u00f3n.<\/p><\/div><\/div>\t\t\t\t\t\t\t\t<\/div>\n\t\t\t\t<\/div>\n\t\t\t\t\t<\/div>\n\t\t\t\t<\/div>\n\t\t\t\t<\/div>\n\t\t","protected":false},"excerpt":{"rendered":"<p>La Asociaci\u00f3n Mexicana de Trasplante Capilar A.C. Es el organismo que agrupa a todos los m\u00e9dicos cirujanos certificados del pa\u00eds. Su principal funci\u00f3n es promover el crecimiento acad\u00e9mico y la educaci\u00f3n m\u00e9dica continua de sus miembros mediante la organizaci\u00f3n de cursos de actualizaci\u00f3n, congresos nacionales e internacionales, talleres, entre otros. [&hellip;]<\/p>\n","protected":false},"author":1,"featured_media":0,"parent":0,"menu_order":0,"comment_status":"closed","ping_status":"closed","template":"","meta":{"om_disable_all_campaigns":false,"footnotes":""},"class_list":["post-132","page","type-page","status-publish","hentry"],"aioseo_notices":[],"_links":{"self":[{"href":"https:\/\/asociacionmexicanatrasplantecabello.org\/index.php?rest_route=\/wp\/v2\/pages\/132","targetHints":{"allow":["GET"]}}],"collection":[{"href":"https:\/\/asociacionmexicanatrasplantecabello.org\/index.php?rest_route=\/wp\/v2\/pages"}],"about":[{"href":"https:\/\/asociacionmexicanatrasplantecabello.org\/index.php?rest_route=\/wp\/v2\/types\/page"}],"author":[{"embeddable":true,"href":"https:\/\/asociacionmexicanatrasplantecabello.org\/index.php?rest_route=\/wp\/v2\/users\/1"}],"replies":[{"embeddable":true,"href":"https:\/\/asociacionmexicanatrasplantecabello.org\/index.php?rest_route=%2Fwp%2Fv2%2Fcomments&post=132"}],"version-history":[{"count":25,"href":"https:\/\/asociacionmexicanatrasplantecabello.org\/index.php?rest_route=\/wp\/v2\/pages\/132\/revisions"}],"predecessor-version":[{"id":1318,"href":"https:\/\/asociacionmexicanatrasplantecabello.org\/index.php?rest_route=\/wp\/v2\/pages\/132\/revisions\/1318"}],"wp:attachment":[{"href":"https:\/\/asociacionmexicanatrasplantecabello.org\/index.php?rest_route=%2Fwp%2Fv2%2Fmedia&parent=132"}],"curies":[{"name":"wp","href":"https:\/\/api.w.org\/{rel}","templated":true}]}}