{"id":111,"date":"2023-11-06T20:57:00","date_gmt":"2023-11-06T20:57:00","guid":{"rendered":"https:\/\/asociacionmexicanatrasplantecabello.org\/?page_id=111"},"modified":"2023-12-05T23:52:50","modified_gmt":"2023-12-05T23:52:50","slug":"ingresos","status":"publish","type":"page","link":"https:\/\/asociacionmexicanatrasplantecabello.org\/?page_id=111","title":{"rendered":"INGRESOS"},"content":{"rendered":"\t\t<div data-elementor-type=\"wp-page\" data-elementor-id=\"111\" class=\"elementor elementor-111\">\n\t\t\t\t<div class=\"elementor-element elementor-element-eaba759 e-flex e-con-boxed e-con e-parent\" data-id=\"eaba759\" data-element_type=\"container\" data-e-type=\"container\">\n\t\t\t\t\t<div class=\"e-con-inner\">\n\t\t\t\t<div class=\"elementor-element elementor-element-4f9065a elementor-widget-divider--view-line elementor-widget elementor-widget-divider\" data-id=\"4f9065a\" data-element_type=\"widget\" data-e-type=\"widget\" data-widget_type=\"divider.default\">\n\t\t\t\t<div class=\"elementor-widget-container\">\n\t\t\t\t\t\t\t<div class=\"elementor-divider\">\n\t\t\t<span class=\"elementor-divider-separator\">\n\t\t\t\t\t\t<\/span>\n\t\t<\/div>\n\t\t\t\t\t\t<\/div>\n\t\t\t\t<\/div>\n\t\t\t\t\t<\/div>\n\t\t\t\t<\/div>\n\t\t<div class=\"elementor-element elementor-element-34c9f02 e-flex e-con-boxed e-con e-parent\" data-id=\"34c9f02\" data-element_type=\"container\" data-e-type=\"container\">\n\t\t\t\t\t<div class=\"e-con-inner\">\n\t\t\t\t<div class=\"elementor-element elementor-element-9131ab9 elementor-widget elementor-widget-heading\" data-id=\"9131ab9\" data-element_type=\"widget\" data-e-type=\"widget\" data-widget_type=\"heading.default\">\n\t\t\t\t<div class=\"elementor-widget-container\">\n\t\t\t\t\t<h2 class=\"elementor-heading-title elementor-size-xxl\">Ingresos<\/h2>\t\t\t\t<\/div>\n\t\t\t\t<\/div>\n\t\t\t\t\t<\/div>\n\t\t\t\t<\/div>\n\t\t<div class=\"elementor-element elementor-element-468c184 e-flex e-con-boxed e-con e-parent\" data-id=\"468c184\" data-element_type=\"container\" data-e-type=\"container\">\n\t\t\t\t\t<div class=\"e-con-inner\">\n\t\t<div class=\"elementor-element elementor-element-8d4a6d3 e-con-full e-flex e-con e-child\" data-id=\"8d4a6d3\" data-element_type=\"container\" data-e-type=\"container\">\n\t\t\t\t<div class=\"elementor-element elementor-element-f92d390 elementor-widget elementor-widget-text-editor\" data-id=\"f92d390\" data-element_type=\"widget\" data-e-type=\"widget\" data-widget_type=\"text-editor.default\">\n\t\t\t\t<div class=\"elementor-widget-container\">\n\t\t\t\t\t\t\t\t\t<div class=\"layout-element layout-element--layout layout-element transition transition--scale\" data-animation-state=\"active\">\n<div class=\"text-box layout-element__component layout-element__component--GridTextBox\" id=\"zOj2mj\" data-qa=\"gridtextbox:zoj2mj\">\n<h2>A todos los interesados:<\/h2>\n<\/div>\n<\/div>\n<div class=\"layout-element layout-element--layout layout-element transition transition--scale\" data-animation-state=\"active\">\n<div class=\"text-box layout-element__component layout-element__component--GridTextBox\" id=\"zIEXIB\" data-qa=\"gridtextbox:ziexib\">\n<p class=\"body\">La Asociaci\u00f3n Mexicana de Trasplante de Cabello A. C. ha celebrado durante el presente a\u00f1o, 2 sesiones especiales de ingresos, de manera virtual, Los aspirantes a ingresar, deben enviar todos los documentos, por correo de acuerdo a los siguientes:<\/p>\n<h2>Requerimientos de ingreso:<\/h2>\n<p class=\"body\">Podr\u00e1n ser miembros de esta agrupaci\u00f3n los m\u00e9dicos cirujanos titulados en escuelas de medicina del pa\u00eds u otros pa\u00edses, reconocidas por la Direcci\u00f3n General de Profesiones de la Secretar\u00eda de Educaci\u00f3n P\u00fablica y dedicados a la Dermatolog\u00eda, cirug\u00eda pl\u00e1stica, as\u00ed como por m\u00e9dicos titulados que se dediquen a la tricolog\u00eda o cirug\u00eda capilar o especialidades afines. El aspirante debe ser una persona honorable, con \u00e9tica y buena reputaci\u00f3n dentro del gremio. Si est\u00e1 interesado en ser miembro de la Asociaci\u00f3n Mexicana de Trasplante de Cabello A.C. y cumple con los requisitos, le proporcionamos la lista de documentos a presentar para iniciar el proceso de ingreso. Importante: Todos los requerimientos y documentos enlistados son necesarios y deben ser ser enviados al correo: info@asociacionmexicanatrasplantecabello.org<\/p>\n<\/div>\n<\/div>\t\t\t\t\t\t\t\t<\/div>\n\t\t\t\t<\/div>\n\t\t\t\t<\/div>\n\t\t<div class=\"elementor-element elementor-element-53cdc73 e-con-full e-flex e-con e-child\" data-id=\"53cdc73\" data-element_type=\"container\" data-e-type=\"container\">\n\t\t\t\t<div class=\"elementor-element elementor-element-20e4b1e elementor-widget elementor-widget-image\" data-id=\"20e4b1e\" data-element_type=\"widget\" data-e-type=\"widget\" data-widget_type=\"image.default\">\n\t\t\t\t<div class=\"elementor-widget-container\">\n\t\t\t\t\t\t\t\t\t\t\t\t\t\t\t<img fetchpriority=\"high\" decoding=\"async\" width=\"750\" height=\"500\" src=\"https:\/\/asociacionmexicanatrasplantecabello.org\/wp-content\/uploads\/2023\/11\/2022-09-02-SAFELGBTQ-Index_1170x780-1-1024x683.jpg\" class=\"attachment-large size-large wp-image-358\" alt=\"\" srcset=\"https:\/\/asociacionmexicanatrasplantecabello.org\/wp-content\/uploads\/2023\/11\/2022-09-02-SAFELGBTQ-Index_1170x780-1-1024x683.jpg 1024w, https:\/\/asociacionmexicanatrasplantecabello.org\/wp-content\/uploads\/2023\/11\/2022-09-02-SAFELGBTQ-Index_1170x780-1-300x200.jpg 300w, https:\/\/asociacionmexicanatrasplantecabello.org\/wp-content\/uploads\/2023\/11\/2022-09-02-SAFELGBTQ-Index_1170x780-1-768x512.jpg 768w, https:\/\/asociacionmexicanatrasplantecabello.org\/wp-content\/uploads\/2023\/11\/2022-09-02-SAFELGBTQ-Index_1170x780-1-360x240.jpg 360w, https:\/\/asociacionmexicanatrasplantecabello.org\/wp-content\/uploads\/2023\/11\/2022-09-02-SAFELGBTQ-Index_1170x780-1-600x400.jpg 600w, https:\/\/asociacionmexicanatrasplantecabello.org\/wp-content\/uploads\/2023\/11\/2022-09-02-SAFELGBTQ-Index_1170x780-1.jpg 1200w\" sizes=\"(max-width: 750px) 100vw, 750px\" \/>\t\t\t\t\t\t\t\t\t\t\t\t\t\t\t<\/div>\n\t\t\t\t<\/div>\n\t\t\t\t<\/div>\n\t\t\t\t\t<\/div>\n\t\t\t\t<\/div>\n\t\t<div class=\"elementor-element elementor-element-9a0c46b e-flex e-con-boxed e-con e-parent\" data-id=\"9a0c46b\" data-element_type=\"container\" data-e-type=\"container\">\n\t\t\t\t\t<div class=\"e-con-inner\">\n\t\t\t\t<div class=\"elementor-element elementor-element-2d6d20f elementor-widget-divider--view-line elementor-widget elementor-widget-divider\" data-id=\"2d6d20f\" data-element_type=\"widget\" data-e-type=\"widget\" data-widget_type=\"divider.default\">\n\t\t\t\t<div class=\"elementor-widget-container\">\n\t\t\t\t\t\t\t<div class=\"elementor-divider\">\n\t\t\t<span class=\"elementor-divider-separator\">\n\t\t\t\t\t\t<\/span>\n\t\t<\/div>\n\t\t\t\t\t\t<\/div>\n\t\t\t\t<\/div>\n\t\t\t\t\t<\/div>\n\t\t\t\t<\/div>\n\t\t\t\t<\/div>\n\t\t","protected":false},"excerpt":{"rendered":"<p>Ingresos A todos los interesados: La Asociaci\u00f3n Mexicana de Trasplante de Cabello A. C. ha celebrado durante el presente a\u00f1o, 2 sesiones especiales de ingresos, de manera virtual, Los aspirantes a ingresar, deben enviar todos los documentos, por correo de acuerdo a los siguientes: Requerimientos de ingreso: Podr\u00e1n ser miembros [&hellip;]<\/p>\n","protected":false},"author":1,"featured_media":0,"parent":0,"menu_order":0,"comment_status":"closed","ping_status":"closed","template":"page-templates\/template-pagebuilder-full-width.php","meta":{"om_disable_all_campaigns":false,"footnotes":""},"class_list":["post-111","page","type-page","status-publish","hentry"],"aioseo_notices":[],"_links":{"self":[{"href":"https:\/\/asociacionmexicanatrasplantecabello.org\/index.php?rest_route=\/wp\/v2\/pages\/111","targetHints":{"allow":["GET"]}}],"collection":[{"href":"https:\/\/asociacionmexicanatrasplantecabello.org\/index.php?rest_route=\/wp\/v2\/pages"}],"about":[{"href":"https:\/\/asociacionmexicanatrasplantecabello.org\/index.php?rest_route=\/wp\/v2\/types\/page"}],"author":[{"embeddable":true,"href":"https:\/\/asociacionmexicanatrasplantecabello.org\/index.php?rest_route=\/wp\/v2\/users\/1"}],"replies":[{"embeddable":true,"href":"https:\/\/asociacionmexicanatrasplantecabello.org\/index.php?rest_route=%2Fwp%2Fv2%2Fcomments&post=111"}],"version-history":[{"count":7,"href":"https:\/\/asociacionmexicanatrasplantecabello.org\/index.php?rest_route=\/wp\/v2\/pages\/111\/revisions"}],"predecessor-version":[{"id":956,"href":"https:\/\/asociacionmexicanatrasplantecabello.org\/index.php?rest_route=\/wp\/v2\/pages\/111\/revisions\/956"}],"wp:attachment":[{"href":"https:\/\/asociacionmexicanatrasplantecabello.org\/index.php?rest_route=%2Fwp%2Fv2%2Fmedia&parent=111"}],"curies":[{"name":"wp","href":"https:\/\/api.w.org\/{rel}","templated":true}]}}